166?
2
What is the units digit of 4022?
2
What is the hundreds digit of 84546?
5
What is the units digit of 5121?
1
What is the hundreds digit of 10382?
3
What is the tens digit of 24103?
0
What is the tens digit of 1466?
6
What is the thousands digit of 7590?
7
What is the hundreds digit of 118?
1
What is the hundreds digit of 4575?
5
What is the thousands digit of 4913?
4
What is the hundreds digit of 1180?
1
What is the tens digit of 7829?
2
What is the units digit of 1999?
9
What is the units digit of 3497?
7
What is the thousands digit of 2150?
2
What is the hundreds digit of 5515?
5
What is the hundreds digit of 51164?
1
What is the tens digit of 21346?
4
What is the units digit of 38026?
6
What is the hundreds digit of 1223?
2
What is the tens digit of 1260?
6
What is the tens digit of 1251?
5
What is the hundreds digit of 1158?
1
What is the ten thousands digit of 14100?
1
What is the ten thousands digit of 52621?
5
What is the units digit of 269?
9
What is the tens digit of 80183?
8
What is the thousands digit of 14179?
4
What is the hundreds digit of 1340?
3
What is the hundreds digit of 79105?
1
What is the ten thousands digit of 17621?
1
What is the ten thousands digit of 30388?
3
What is the hundred thousands digit of 112716?
1
What is the units digit of 26183?
3
What is the units digit of 3047?
7
What is the ten thousands digit of 12233?
1
What is the thousands digit of 99567?
9
What is the units digit of 628?
8
What is the ten thousands digit of 12936?
1
What is the hundreds digit of 3448?
4
What is the ten thousands digit of 89818?
8
What is the tens digit of 6903?
0
What is the hundreds digit of 671?
6
What is the tens digit of 21266?
6
What is the units digit of 6140?
0
What is the tens digit of 2792?
9
What is the thousands digit of 44223?
4
What is the tens digit of 8632?
3
What is the thousands digit of 1688?
1
What is the units digit of 7777?
7
What is the ten thousands digit of 67164?
6
What is the thousands digit of 24128?
4
What is the tens digit of 836?
3
What is the ten thousands digit of 24709?
2
What is the thousands digit of 2854?
2
What is the units digit of 933?
3
What is the hundreds digit of 126?
1
What is the units digit of 2463?
3
What is the ten thousands digit of 154585?
5
What is the units digit of 6734?
4
What is the hundreds digit of 2927?
9
What is the units digit of 90430?
0
What is the tens digit of 206?
0
What is the units digit of 5116?
6
What is the tens digit of 647?
4
What is the hundreds digit of 264?
2
What is the thousands digit of 1836?
1
What is the hundreds digit of 1932?
9
What is the units digit of 6215?
5
What is the hundreds digit of 471?
4
What is the ten thousands digit of 56298?
5
What is the tens digit of 729?
2
What is the thousands digit of 3065?
3
What is the thousands digit of 3820?
3
What is the hundreds digit of 12822?
8
What is the hundreds digit of 67161?
1
What is the hundreds digit of 7166?
1
What is the tens digit of 150608?
0
What is the hundreds digit of 50136?
1
What is the hundreds digit of 112231?
2
What is the hundreds digit of 16893?
8
What is the thousands digit of 1922?
1
What is the thousands digit of 3533?
3
What is the hundreds digit of 4465?
4
What is the ten thousands digit of 19532?
1
What is the tens digit of 1055?
5
What is the tens digit of 2652?
5
What is the thousands digit of 8304?
8
What is the ten thousands digit of 72487?
7
What is the thousands digit of 9206?
9
What is the hundreds digit of 614?
6
What is the thousands digit of 1923?
1
What is the hundreds digit of 4399?
3
What is the hundreds digit of 29605?
6
What is the hundreds digit of 2580?
5
What is the hundreds digit of 539?
5
What is the thousands digit of 13444?
3
What is the tens digit of 4862?
6
What is the hundreds digit of 116817?
8
What is the tens digit of 9448?
4
What is the thousands digit of 42085?
2
What is the thousands digit of 3263?
3
What is the tens digit of 3633?
3
What is the ten thousands digit of 47291?
4
What is the hundreds digit of 425?
4
What is the hundreds digit of 408?
4
What is the units digit of 214?
4
What is the hundreds digit of 170?
1
What is the units digit of 5013?
3
What is the tens digit of 3747?
4
What is the hundreds digit of 11395?
3
What is the units digit of 11346?
6
What is the hundred thousands digit of 156934?
1
What is the thousands digit of 2540?
2
What is the units digit of 7457?
7
What is the units digit of 72752?
2
What is the units digit of 506?
6
What is the hundreds digit of 701?
7
What is the units digit of 1999?
9
What is the tens digit of 45569?
6
What is the thousands digit of 5592?
5
What is the tens digit of 8352?
5
What is the hundreds digit of 84756?
7
What is the hundreds digit of 7476?
4
What is the units digit of 80715?
5
What is the hundreds digit of 590?
5
What is the units digit of 825?
5
What is the thousands digit of 46910?
6
What is the tens digit of 366?
6
What is the tens digit of 8261?
6
What is the hundreds digit of 211?
2
What is the thousands digit of 3416?
3
What is the thousands digit of 124621?
4
What is the units digit of 3857?
7
What is the units digit of 32758?
8
What is the tens digit of 62430?
3
What is the hundreds digit of 9460?
4
What is the tens digit of 393?
9
What is the units digit of 29?
9
What is the hundreds digit of 211?
2
What is the tens digit of 3004?
0
What is the units digit of 27969?
9
What is the ten thousands digit of 15014?
1
What is the tens digit of 71278?
7
What is the units digit of 6083?
3
What is the units digit of 11770?
0
What is the units digit of 28689?
9
What is the thousands digit of 2280?
2
What is the thousands digit of 29228?
9
What is the thousands digit of 10629?
0
What is the hundreds digit of 390?
3
What is the thousands digit of 40398?
0
What is the thousands digit of 3755?
3
What is the units digit of 61076?
6
What is the tens digit of 41237?
3
What is the thousands digit of 2439?
2
What is the tens digit of 13745?
4
What is the thousands digit of 71976?
1
What is the hundred thousands digit of 161880?
1
What is the units digit of 6022?
2
What is the tens digit of 37842?
4
What is the units digit of 231?
1
What is the tens digit of 65?
6
What is the tens digit of 5321?
2
What is the thousands digit of 6018?
6
What is the hundreds digit of 61248?
2
What is the tens digit of 15?
1
What is the thousands digit of 1416?
1
What is the tens digit of 393?
9
What is the ten thousands digit of 144061?
4
What is the thousands digit of 25124?
5
What is the thousands digit of 1144?
1
What is the thousands digit of 9207?
9
What is the tens digit of 119?
1
What is the hundreds digit of 130?
1
What is the units digit of 22319?
9
What is the tens digit of 647?
4
What is the thousands digit of 98300?
8
What is the units digit of 20387?
7
What is the units digit of 91?
1
What is the hundreds digit of 14733?
7
What is the tens digit of 310?
1
What is the hundreds digit of 9056?
0
What is the hundreds digit of 628?
6
What is the hundreds digit of 2043?
0
What is the tens digit of 29400?
0
What is the tens digit of 2263?
6
What is the tens digit of 766?
6
What is the tens digit of 15675?
7
What is the thousands digit of 1065?
1
What is the units digit of 423?
3
What is the tens digit of 18484?
8
What is the tens digit of 51324?
2
What is the thousands digit of 4328?
4
What is the hundreds digit of 2687?
6
What is the hundreds digit of 12396?
3
What is the units digit of 1728?
8
What is the hundred thousands digit of 113538?
1
What is the units digit of 3923?
3
What is the thousands digit of 23586?
3
What is the thousands digit of 36610?
6
What is the hundreds digit of 720?
7
What is the units digit of 5456?
6
What is the tens digit of 8438?
3
What is the tens digit of 85805?
0
What is the ten thousands digit of 64289?
6
What is the tens digit of 2627?
2
What is the hundreds digit of 105089?
0
What is the hundreds digit of 4058?
0
What is the units digit of 8012?
2
What is the tens digit of 6415?
1
What is the units digit of 443?
3
What is the ten thousands digit of 24485?
2
What is the tens digit of 139144?
4
What is the units digit of 50116?
6
What is the hundreds digit of 612?
6
What is the units digit of 1161?
1
What is the hundreds digit of 1785?
7
What is the units digit of 56